{"id":86,"date":"2026-03-29T12:59:11","date_gmt":"2026-03-29T10:59:11","guid":{"rendered":"https:\/\/iharbeck.de\/wordpress\/?page_id=86"},"modified":"2026-04-01T17:59:39","modified_gmt":"2026-04-01T15:59:39","slug":"start","status":"publish","type":"page","link":"https:\/\/iharbeck.de\/wordpress\/","title":{"rendered":"Home"},"content":{"rendered":"\n<div class=\"wp-block-group alignfull has-ti-bg-alt-background-color has-background is-content-justification-center is-layout-constrained wp-container-core-group-is-layout-5e74ac0e wp-block-group-is-layout-constrained\" style=\"margin-top:0px;margin-bottom:0px;padding-top:30px;padding-right:0;padding-bottom:30px;padding-left:0\">\n<div class=\"wp-block-columns alignwide has-background is-layout-flex wp-container-core-columns-is-layout-adc17c16 wp-block-columns-is-layout-flex\" style=\"border-style:none;border-width:0px;background-color:#ded5c5;margin-top:0;margin-bottom:0;padding-top:var(--wp--preset--spacing--50);padding-right:var(--wp--preset--spacing--50);padding-bottom:var(--wp--preset--spacing--50);padding-left:var(--wp--preset--spacing--50)\">\n<div class=\"wp-block-column is-layout-flow wp-block-column-is-layout-flow\">\n<figure class=\"wp-block-image size-full is-resized has-custom-border\"><img loading=\"lazy\" decoding=\"async\" width=\"270\" height=\"270\" src=\"https:\/\/iharbeck.de\/wordpress\/wp-content\/uploads\/2023\/02\/IMG_0961.jpg\" alt=\"\" class=\"wp-image-7\" style=\"border-style:none;border-width:0px;border-radius:40px;width:533px;height:auto\" srcset=\"https:\/\/iharbeck.de\/wordpress\/wp-content\/uploads\/2023\/02\/IMG_0961.jpg 270w, https:\/\/iharbeck.de\/wordpress\/wp-content\/uploads\/2023\/02\/IMG_0961-150x150.jpg 150w\" sizes=\"auto, (max-width: 270px) 100vw, 270px\" \/><\/figure>\n<\/div>\n\n\n\n<div class=\"wp-block-column is-vertically-aligned-center is-layout-flow wp-block-column-is-layout-flow\">\n<p class=\"has-small-font-size\" style=\"text-transform:uppercase\"><strong>Bessermacher<\/strong><\/p>\n\n\n\n<h2 class=\"wp-block-heading\">Unternehmens\u00adberatung f\u00fcr IT L\u00f6sungen <\/h2>\n\n\n\n<p>&#8222;Massgeschneiderte L\u00f6sungen, angepasst an die Bed\u00fcrfnisse Ihres Unternehmens&#8220;<\/p>\n\n\n\n<div class=\"wp-block-buttons is-layout-flex wp-block-buttons-is-layout-flex\"><\/div>\n<\/div>\n<\/div>\n<\/div>\n\n\n\n<main class=\"wp-block-group alignfull is-layout-flow wp-container-core-group-is-layout-bb1e360e wp-block-group-is-layout-flow\" style=\"margin-top:0;margin-bottom:0;padding-top:0;padding-right:0;padding-bottom:0;padding-left:0\">\n<div class=\"wp-block-group is-layout-constrained wp-container-core-group-is-layout-7b23e348 wp-block-group-is-layout-constrained\" style=\"margin-top:0px;margin-bottom:0px;padding-top:30px;padding-bottom:30px\">\n<div class=\"wp-block-group alignwide is-layout-flow wp-container-core-group-is-layout-c304226c wp-block-group-is-layout-flow\">\n<h1 class=\"wp-block-heading has-huge-font-size\">L\u00f6sungen f\u00fcr mehr Produktivit\u00e4t<\/h1>\n\n\n\n<p class=\"has-text-align-left has-large-font-size\">Java, Spring Boot, Angular<\/p>\n\n\n\n<p>Von der Idee bis zum Betrieb. <br>Wir entwickeln individuelle L\u00f6sungen f\u00fcr Ihr Unternehmen. <br>Sprechen Sie uns an.<\/p>\n\n\n\n<div class=\"wp-block-buttons is-layout-flex wp-block-buttons-is-layout-flex\"><\/div>\n<\/div>\n\n\n\n<figure class=\"wp-block-image alignwide size-large is-style-default\"><img loading=\"lazy\" decoding=\"async\" width=\"1024\" height=\"682\" src=\"https:\/\/iharbeck.de\/wordpress\/wp-content\/uploads\/2023\/02\/code-gcab4a444e_1280-1024x682.jpg\" alt=\"\" class=\"wp-image-49\" srcset=\"https:\/\/iharbeck.de\/wordpress\/wp-content\/uploads\/2023\/02\/code-gcab4a444e_1280-1024x682.jpg 1024w, https:\/\/iharbeck.de\/wordpress\/wp-content\/uploads\/2023\/02\/code-gcab4a444e_1280-300x200.jpg 300w, https:\/\/iharbeck.de\/wordpress\/wp-content\/uploads\/2023\/02\/code-gcab4a444e_1280-768x512.jpg 768w, https:\/\/iharbeck.de\/wordpress\/wp-content\/uploads\/2023\/02\/code-gcab4a444e_1280.jpg 1280w\" sizes=\"auto, (max-width: 1024px) 100vw, 1024px\" \/><\/figure>\n<\/div>\n<\/main>\n\n\n\n<p><\/p>\n","protected":false},"excerpt":{"rendered":"<p>Bessermacher Unternehmens\u00adberatung f\u00fcr IT L\u00f6sungen &#8222;Massgeschneiderte L\u00f6sungen, angepasst an die Bed\u00fcrfnisse Ihres Unternehmens&#8220; L\u00f6sungen f\u00fcr mehr Produktivit\u00e4t Java, Spring Boot, Angular Von der Idee bis zum Betrieb. Wir entwickeln individuelle L\u00f6sungen f\u00fcr Ihr Unternehmen. Sprechen Sie uns an.<\/p>\n","protected":false},"author":1,"featured_media":0,"parent":0,"menu_order":0,"comment_status":"closed","ping_status":"closed","template":"","meta":{"_themeisle_gutenberg_block_has_review":false,"footnotes":""},"class_list":["post-86","page","type-page","status-publish","hentry"],"_links":{"self":[{"href":"https:\/\/iharbeck.de\/wordpress\/index.php\/wp-json\/wp\/v2\/pages\/86","targetHints":{"allow":["GET"]}}],"collection":[{"href":"https:\/\/iharbeck.de\/wordpress\/index.php\/wp-json\/wp\/v2\/pages"}],"about":[{"href":"https:\/\/iharbeck.de\/wordpress\/index.php\/wp-json\/wp\/v2\/types\/page"}],"author":[{"embeddable":true,"href":"https:\/\/iharbeck.de\/wordpress\/index.php\/wp-json\/wp\/v2\/users\/1"}],"replies":[{"embeddable":true,"href":"https:\/\/iharbeck.de\/wordpress\/index.php\/wp-json\/wp\/v2\/comments?post=86"}],"version-history":[{"count":21,"href":"https:\/\/iharbeck.de\/wordpress\/index.php\/wp-json\/wp\/v2\/pages\/86\/revisions"}],"predecessor-version":[{"id":182,"href":"https:\/\/iharbeck.de\/wordpress\/index.php\/wp-json\/wp\/v2\/pages\/86\/revisions\/182"}],"wp:attachment":[{"href":"https:\/\/iharbeck.de\/wordpress\/index.php\/wp-json\/wp\/v2\/media?parent=86"}],"curies":[{"name":"wp","href":"https:\/\/api.w.org\/{rel}","templated":true}]}}